{"id":84,"date":"2018-04-22T17:31:37","date_gmt":"2018-04-22T17:31:37","guid":{"rendered":"http:\/\/media.kungsorsridklubb.se\/shop\/?post_type=product&#038;p=84"},"modified":"2018-04-25T17:36:24","modified_gmt":"2018-04-25T17:36:24","slug":"presentkort-45-min-privatlektion-for-dig-som-inte-ar-medlem-inkl-hasthyra","status":"publish","type":"product","link":"http:\/\/media.kungsorsridklubb.se\/shop\/product\/presentkort-45-min-privatlektion-for-dig-som-inte-ar-medlem-inkl-hasthyra\/","title":{"rendered":"Presentkort 45 min privatlektion f\u00f6r dig som inte \u00e4r medlem inkl hyra av ridskoleh\u00e4st"},"content":{"rendered":"<p>Presentkort p\u00e5 45 minuters privat ridlektion f\u00f6r dig som inte \u00e4r medlem i Kungs\u00f6rs Ridklubb inklusive hyra av ridskoleh\u00e4st.<br \/>\nEfter att presentkortet betalats och h\u00e4mtas informerar ni personal vid ridklubben om vilken instrukt\u00f6r ni \u00f6nskar<br \/>\nF\u00f6r att f\u00e5 ut s\u00e5 mycket som m\u00f6jligt\u00a0 r\u00e5dg\u00f6r ni med vald instrukt\u00f6r om vad ni vill uppn\u00e5 med privatlektionen<\/p>\n","protected":false},"excerpt":{"rendered":"<p>Presentkort p\u00e5 45 minuters privat ridlektion f\u00f6r dig som inte \u00e4r medlem i Kungs\u00f6rs Ridklubb inklusive hyra av ridskoleh\u00e4st. Efter att presentkortet betalats och h\u00e4mtas informerar ni personal vid ridklubben om vilken instrukt\u00f6r ni \u00f6nskar F\u00f6r att f\u00e5 ut s\u00e5 mycket som m\u00f6jligt\u00a0 r\u00e5dg\u00f6r ni med vald instrukt\u00f6r om vad ni vill uppn\u00e5 med privatlektionen<\/p>\n","protected":false},"featured_media":76,"template":"","meta":[],"class_list":{"0":"post-84","1":"product","2":"type-product","3":"status-publish","4":"has-post-thumbnail","6":"product_cat-till-den-som-inte-ar-medlem","8":"first","9":"instock","10":"shipping-taxable","11":"purchasable","12":"product-type-simple"},"_links":{"self":[{"href":"http:\/\/media.kungsorsridklubb.se\/shop\/wp-json\/wp\/v2\/product\/84","targetHints":{"allow":["GET"]}}],"collection":[{"href":"http:\/\/media.kungsorsridklubb.se\/shop\/wp-json\/wp\/v2\/product"}],"about":[{"href":"http:\/\/media.kungsorsridklubb.se\/shop\/wp-json\/wp\/v2\/types\/product"}],"wp:featuredmedia":[{"embeddable":true,"href":"http:\/\/media.kungsorsridklubb.se\/shop\/wp-json\/wp\/v2\/media\/76"}],"wp:attachment":[{"href":"http:\/\/media.kungsorsridklubb.se\/shop\/wp-json\/wp\/v2\/media?parent=84"}],"curies":[{"name":"wp","href":"https:\/\/api.w.org\/{rel}","templated":true}]}}